{"id":254,"date":"2021-01-11T10:26:33","date_gmt":"2021-01-11T09:26:33","guid":{"rendered":"https:\/\/dev.adrienpignet.com\/avocat\/?page_id=254"},"modified":"2021-01-14T15:18:22","modified_gmt":"2021-01-14T14:18:22","slug":"ladoption-simple","status":"publish","type":"page","link":"https:\/\/dev.adrienpignet.com\/avocat\/ladoption-simple\/","title":{"rendered":"L&rsquo;adoption simple"},"content":{"rendered":"<h2 class=\"p1\">Qu\u2019est-ce que c\u2019est ?<\/h2>\n<p class=\"p1\">L\u2019adoption simple est principalement utilis\u00e9e lorsque l\u2019adoption pl\u00e9ni\u00e8re n\u2019est pas possible ou encore \u00e0 des fins successorales.<\/p>\n<h3 class=\"p1\"><span class=\"s1\">Les conditions :<span class=\"Apple-converted-space\">\u00a0<\/span><\/span><\/h3>\n<p class=\"p1\">Les couples mari\u00e9s qui souhaitent adopter un enfant doivent \u00eatre mari\u00e9s depuis plus de deux ans ou \u00eatre \u00e2g\u00e9s l\u2019un et l\u2019autre de plus de vingt-huit ans.<span class=\"Apple-converted-space\">\u00a0<\/span><\/p>\n<p class=\"p1\">Lorsqu\u2019il s\u2019agit d\u2019une adoption individuelle, l\u2019adoptant doit \u00eatre \u00e2g\u00e9e de plus de vingt-huit ans. S\u2019il est mari\u00e9, le consentement de son conjoint est n\u00e9cessaire.<span class=\"Apple-converted-space\">\u00a0<\/span><\/p>\n<p class=\"p1\">Les concubins ou les personnes pacs\u00e9es ne peuvent recourir ensemble \u00e0 l\u2019adoption.<span class=\"Apple-converted-space\">\u00a0<\/span><\/p>\n<p class=\"p1\">En revanche, il n\u2019y a pas de condition d\u2019\u00e2ge en ce qui concerne l\u2019adopt\u00e9 et il n\u2019existe pas de d\u00e9limitation des enfants adoptables. Mais il n\u2019est pas possible d\u2019adopter individuellement l\u2019enfant de son concubin ou de son pacs\u00e9 dans la mesure o\u00f9 cela reviendrait \u00e0 priver le parent biologique de l\u2019autorit\u00e9 parentale sur l\u2019enfant.<span class=\"Apple-converted-space\">\u00a0<\/span><\/p>\n<p class=\"p1\">Comme pour l\u2019adoption pl\u00e9ni\u00e8re, l\u2019adopt\u00e9 qui a plus de 13 ans doit consentir \u00e0 son adoption.<span class=\"Apple-converted-space\">\u00a0<\/span><\/p>\n<p class=\"p1\">Pour finir, il doit exister une diff\u00e9rence d\u2019\u00e2ge de quinze ans entre l\u2019adoptant et l\u2019adopt\u00e9 et il n\u2019est pas n\u00e9cessaire que l\u2019enfant soit recueilli au pr\u00e9alable dans le foyer de l\u2019adoptant.<span class=\"Apple-converted-space\">\u00a0<\/span><\/p>\n<h3 class=\"p1\"><span class=\"s1\">Les effets :<span class=\"Apple-converted-space\">\u00a0<\/span><\/span><\/h3>\n<p class=\"p1\">L\u2019adoption simple laisse subsister les liens entre l\u2019enfant et sa famille d\u2019origine, et il y conserve tous ses droits notamment h\u00e9r\u00e9ditaires.<span class=\"Apple-converted-space\">\u00a0<\/span><\/p>\n<p class=\"p1\">L\u2019obligation alimentaire des parents d\u2019origine devient subsidiaire par rapport \u00e0 celle de l\u2019adoptant et l\u2019autorit\u00e9 parentale est d\u00e9volue \u00e0 l\u2019adoptant.<span class=\"Apple-converted-space\">\u00a0<\/span><\/p>\n<p class=\"p1\">L\u2019adopt\u00e9 a \u00e9galement des droits successoraux dans la famille de l\u2019adoptant mais \u00e0 la diff\u00e9rence de l\u2019adoption pl\u00e9ni\u00e8re, l\u2019adopt\u00e9 n\u2019est pas r\u00e9servataire dans la succession.<span class=\"Apple-converted-space\">\u00a0<\/span><\/p>\n<p class=\"p1\">L\u2019adoption simple peut \u00eatre r\u00e9voqu\u00e9e pour motifs graves.<\/p>\n<p><img loading=\"lazy\" class=\"wp-image-401 size-full aligncenter\" src=\"https:\/\/dev.adrienpignet.com\/avocat\/wp-content\/uploads\/2021\/01\/adoption-simple-avocat-lyon.jpg\" alt=\"Adoption simple avocat Lyon\" width=\"836\" height=\"418\" srcset=\"https:\/\/dev.adrienpignet.com\/avocat\/wp-content\/uploads\/2021\/01\/adoption-simple-avocat-lyon.jpg 836w, https:\/\/dev.adrienpignet.com\/avocat\/wp-content\/uploads\/2021\/01\/adoption-simple-avocat-lyon-300x150.jpg 300w, https:\/\/dev.adrienpignet.com\/avocat\/wp-content\/uploads\/2021\/01\/adoption-simple-avocat-lyon-768x384.jpg 768w\" sizes=\"(max-width: 836px) 100vw, 836px\" \/><\/p>\n","protected":false},"excerpt":{"rendered":"<p>Qu\u2019est-ce que c\u2019est ? L\u2019adoption simple est principalement utilis\u00e9e lorsque l\u2019adoption pl\u00e9ni\u00e8re n\u2019est pas possible ou encore \u00e0 des fins successorales. Les conditions :\u00a0 Les couples mari\u00e9s qui souhaitent adopter un enfant doivent \u00eatre mari\u00e9s depuis plus de deux ans ou \u00eatre \u00e2g\u00e9s l\u2019un et l\u2019autre de plus de vingt-huit ans.\u00a0 Lorsqu\u2019il s\u2019agit d\u2019une adoption [&hellip;]<\/p>\n","protected":false},"author":1,"featured_media":0,"parent":0,"menu_order":0,"comment_status":"closed","ping_status":"closed","template":"page-filiation.php","meta":[],"_links":{"self":[{"href":"https:\/\/dev.adrienpignet.com\/avocat\/wp-json\/wp\/v2\/pages\/254"}],"collection":[{"href":"https:\/\/dev.adrienpignet.com\/avocat\/wp-json\/wp\/v2\/pages"}],"about":[{"href":"https:\/\/dev.adrienpignet.com\/avocat\/wp-json\/wp\/v2\/types\/page"}],"author":[{"embeddable":true,"href":"https:\/\/dev.adrienpignet.com\/avocat\/wp-json\/wp\/v2\/users\/1"}],"replies":[{"embeddable":true,"href":"https:\/\/dev.adrienpignet.com\/avocat\/wp-json\/wp\/v2\/comments?post=254"}],"version-history":[{"count":4,"href":"https:\/\/dev.adrienpignet.com\/avocat\/wp-json\/wp\/v2\/pages\/254\/revisions"}],"predecessor-version":[{"id":402,"href":"https:\/\/dev.adrienpignet.com\/avocat\/wp-json\/wp\/v2\/pages\/254\/revisions\/402"}],"wp:attachment":[{"href":"https:\/\/dev.adrienpignet.com\/avocat\/wp-json\/wp\/v2\/media?parent=254"}],"curies":[{"name":"wp","href":"https:\/\/api.w.org\/{rel}","templated":true}]}}